What are the prime factors of k?
3
Suppose 27*g = 32*g + 270. Let b = g - -119. List the prime factors of b.
5, 13
Let m be (-12)/(-18) - 2/3. Let d(z) = -z**2 + 3. Let r be d(m). Suppose -4*o = -r*s - 150, -2*s + 168 = 4*o + 8. List the prime factors of o.
3, 13
Let f = 1664 + -271. List the prime factors of f.
7, 199
Suppose -10*f + 44 = -6. Suppose -n = -4*x - 2*n + 264, 0 = f*n + 20. List the prime factors of x.
67
Let b be (-4)/(-14) - 822/(-14). Let w be 9/(27/30)*8/(-2). Let l = b + w. What are the prime factors of l?
19
Let w(x) = -11*x + 7. Suppose -6*j + 16 = -10*j. What are the prime factors of w(j)?
3, 17
Let l be (-6)/3*(-2 - 2). Suppose -48 = -4*x + l. Suppose -x = -g - 0. List the prime factors of g.
2, 7
Let v(x) be the second derivative of -x**5/20 + x**4/12 + 7*x**3/6 + 9*x**2/2 - 8*x. List the prime factors of v(-4).
61
Let t = 34 - 30. Suppose 4*i - 4*c = 448, -i - 5*c + 590 = t*i. List the prime factors of i.
5, 23
Let o = 6 + -2. Let w = 6 - o. Suppose -w*p + 8 = -p. List the prime factors of p.
2
Suppose -4*a = 3*g - 141, -5*g = -3*a + 48 + 65. Let o = a - -13. What are the prime factors of o?
7
Suppose 4*r - 5*s = -2, -7*s + 3*s + 10 = r. Let z(b) = 5*b**2 - 4*b + 2. Let y be z(r). Suppose 6*w + y - 116 = 0. List the prime factors of w.
17
Let k = 24 - 27. Let i = k + 55. What are the prime factors of i?
2, 13
Suppose 0 = -4*u - 71 - 97. List the prime factors of 1226/12 + 4 + 175/u.
2, 3, 17
Let z(w) = -w + 18. Let p be z(6). Let s = 17 + p. What are the prime factors of s?
29
Let p(h) = h - 3. Let j be p(3). Let f be (-8)/(-2) - (0 - j). Suppose 180 = 8*z - f*z. What are the prime factors of z?
3, 5
Let u be (-3 - (-55)/15)*3. What are the prime factors of -2 - (44/u)/(-2)?
3
Let g be (-2)/7 + 18950/(-70). Let j = 388 + g. What are the prime factors of j?
3, 13
Suppose 0 = -2*w - 2*w - 5*j + 20, -2*w + 20 = 5*j. Suppose a = -w*a + 105. What are the prime factors of a?
3, 5, 7
What are the prime factors of (845*-5)/(-5) - -7?
2, 3, 71
Let v(t) be the second derivative of 1/3*t**4 - 2*t**2 + 1/3*t**3 - 1/20*t**5 + 0 + 4*t. List the prime factors of v(3).
11
Let l(k) = 3*k**2 + 10*k + 17 - 4*k**2 + 5*k. Let t be 198/(-4 - -15) - 5. What are the prime factors of l(t)?
43
List the prime factors of (42/(-12) + 4)/(2/1736).
2, 7, 31
Suppose -4*b + 282 = 26. Suppose 0 = -f - 5*f. Suppose -2*s - 2*s + b = f. What are the prime factors of s?
2
What are the prime factors of ((-140)/56)/(25/(-44920))?
2, 1123
Suppose -3*b + 4*b = 4. Suppose 12 - b = 4*i. What are the prime factors of i?
2
Suppose 0 = -5*n + 10, -j - n - 3*n = -14. Suppose -8*x = -50*x + 168. What are the prime factors of 3 + (j + x - 3)?
2, 5
Suppose -33*k + 20670 + 11505 = 0. List the prime factors of k.
3, 5, 13
Let y be (-16)/(-6)*12/16. Suppose y*t + 2 = 6. Suppose -t - 2 = 2*g, -3*g = -4*a + 118. What are the prime factors of a?
2, 7
Let o = -4588 + 7244. What are the prime factors of o?
2, 83
Let m(h) = 5*h**3 + 8*h**2 - 13*h - 16. Let p(v) = -v**3 + v**2 + 1. Let u(z) = m(z) + 6*p(z). Let s be u(13). What are the prime factors of 65/(-26)*92/s?
23
Let g(u) = u + 44. Let m(c) = c - 5. Let b(a) = a - 4. Let s(q) = 3*b(q) - 2*m(q). Let p be s(2). What are the prime factors of g(p)?
2, 11
Suppose 3*m - m = -4, -2*w = -3*m - 678. Suppose w = 13*q - 10*q. List the prime factors of q.
2, 7
Let v be ((-354)/24)/((3 - 2)/(-4)). What are the prime factors of 4/(-22) - v/22*-34?
7, 13
Let w = -20 + 24. Suppose 4*h = -w, g - 5*g + 2*h + 266 = 0. List the prime factors of g.
2, 3, 11
What are the prime factors of (-73910)/(-50) - (-24)/(-20)?
7, 211
Suppose 32*i - 24*i - 1456 = 0. What are the prime factors of i?
2, 7, 13
Let c = 2052 - 1184. Let f = c + -597. What are the prime factors of f?
271
Let a = -4024 + 6602. List the prime factors of a.
2, 1289
Let u(j) = j**3 - 7*j**2 - 10*j - 13. What are the prime factors of u(12)?
587
Let v(f) = f**3 + 11*f**2 - 12*f + 9. What are the prime factors of v(9)?
3, 13
Let h(w) be the first derivative of 5 - 6*w - 27/2*w**2. List the prime factors of h(-3).
3, 5
Suppose 0*t - 5*t = -45. Let a(x) = -9 + t*x + x + 1. What are the prime factors of a(4)?
2
Suppose 0 = -5*t + 3*s + 101, 3*s + 75 = 3*t + 6*s. Suppose t = w - 4*y - 11, -5*w = 4*y - 93. Suppose h - w = -1. List the prime factors of h.
2, 5
Let o(a) = 3*a**2 + 3*a - 1. Let x be o(2). Let l(q) = q**3 - 16*q**2 - 7*q + 5. List the prime factors of l(x).
5, 7
Suppose -5*h + k = -1378, -3*h + 4*k = -378 - 442. Let m = -97 + h. What are the prime factors of m?
179
Suppose y - 4 = -0*y. Suppose 0 = -3*q - y*t - 54 + 171, -4*q + 131 = -3*t. Suppose -3*v + 11 = a, -5*v - 3*a = 2*a - q. List the prime factors of v.
2
Suppose 2*m + 87 + 168 = 3*v, -2*m + 425 = 5*v. Let t = -30 + v. List the prime factors of t.
5, 11
Suppose 4*q + 3*k = 6*k + 24, -5*q = -5*k - 25. Suppose 0 = -4*y + q*y - 35. What are the prime factors of 210/5*6/y?
2, 3
Suppose 0 = -4*i - j - 2*j + 16, 4*j - 20 = -4*i. Let f = i - -3. Suppose -h = -f*h + 198. What are the prime factors of h?
2, 3, 11
Suppose -5*y = -3*p + 5, 4*p + 2*y = -p + 29. Let u = p - -1. Suppose -u*f + 4*f = -126. List the prime factors of f.
3, 7
Suppose -7*y + 12*y = 650. Suppose -7*r = -8*r + y. What are the prime factors of r?
2, 5, 13
Let x = 274 - 190. Let i = x + -40. Let q = 82 - i. List the prime factors of q.
2, 19
Suppose -2*v + 175 = v - 2*k, -237 = -4*v - k. What are the prime factors of (-10)/(-5) + 1*v?
61
Let n = -69 + 71. Suppose -3*r = l - 176, r + n*l - 1 = 56. List the prime factors of r.
59
Let g = 4055 - 2602. List the prime factors of g.
1453
Let w(n) = -5*n + 50. List the prime factors of w(-10).
2, 5
Let a(z) = -4*z - 10. Let h be a(-3). Let k(g) = -g**2 + 4*g. List the prime factors of k(h).
2
Suppose 17 = -4*m + 5. Let y(p) = -64*p + 10. What are the prime factors of y(m)?
2, 101
Suppose -9*m + 11003 - 1922 = 0. What are the prime factors of m?
1009
Suppose -2*u = -5*h + 17, 4*h + u - 1 = 10. Let q be (2 - h/(-3)) + 1. Suppose -7*a + 16 = -2*a - 3*c, q*c + 6 = -a. What are the prime factors of a?
2
Let r = 2 - 0. Let v(x) = -x**2 - 26*x - 2. Let b be v(-24). Suppose r*n + 3*y = -3*n + b, 5*y - 40 = -5*n. What are the prime factors of n?
11
Suppose 4*i - 385 - 595 = 0. List the prime factors of i.
5, 7
Let c(l) = -7*l - 30 - 10*l**2 + 12*l**2 + 0*l - 4*l. What are the prime factors of c(11)?
7, 13
Let u = 1906 + -995. Suppose d = -3*d + 8, -5*a + u = -2*d. Suppose 0 = 4*q - 2*k - 178, k - 4*k + a = 4*q. List the prime factors of q.
3, 5
Let u be (-10)/2*(-4)/4. Let f(a) = -4*a + 3. Let p be f(-3). Suppose -u*c + p = -0. What are the prime factors of c?
3
Suppose -7*s + 529 + 5624 = 0. What are the prime factors of s?
3, 293
List the prime factors of (1 + 4460)/(4 - 3).
3, 1487
Let s = -276 - -867. Let t = 956 - s. Suppose 0 = -4*b + 9*b - t. What are the prime factors of b?
73
Let w = -25 + 13. Let m = w + 28. List the prime factors of m.
2
Suppose -3*l = -3*o + 21, -o - 5*l = -5 + 16. Let t be (-1)/(-1)*-2*-1. Suppose -k - o*v = t*k - 194, 4*v - 260 = -4*k. List the prime factors of k.
2, 3, 11
Let f be (2/3 - -2)*6. Let i = 39 - f. Suppose 5*t - 46 = -4*b - 14, b = -5*t + i. What are the prime factors of t?
2
Let a be (-2)/6 - 35/(-15). Suppose -6*v - a*b = -v - 355, 5*v - 5*b - 355 = 0. What are the prime factors of v?
71
Let w(n) = n**3 + 5*n**2 + 1. Let q be w(-5). Let l(v) = -q + 6 + 1 - 4*v - 1. List the prime factors of l(-4).
3, 7
Let i(d) = d**2 - 7*d + 11. Let c be (4 - 1) + -6 - -8. Let w be i(c). What are the prime factors of w/(-6) - 2255/(-66)?
2, 17
Suppose -11*b = -31*b + 7280. What are the prime factors of b?
2, 7, 13
What are the prime factors of (-19)/(7 + 145/(-20))?
2, 19
What are the prime factors of (-17)/51*-36*(-142)/(-3)?
2, 71
Suppose 7162 = 7*o + 1870. List the prime factors of o.
2, 3, 7
Suppose 146 = 3*u + 8. Let m = u - 82. Let k = m + 56. What are the prime factors of k?
2, 5
Suppose -2*l = -a + 482, -3*a + 0*a + 1431 = -3*l. What are the prime factors of a?
2, 59
Let w = 33 - -1086. What are the prime factors of w?
3, 373
Suppose 5*r + 4 - 24 = 4*p, 4*r = -p + 16. List the prime factors of 190/r - 2/4.
47
Suppose 434 = 9*u - 664. What are the prime factors of u?
2, 61
Suppose